{"id":32,"date":"2019-06-18T23:18:51","date_gmt":"2019-06-18T21:18:51","guid":{"rendered":"http:\/\/punatri.com\/?page_id=32"},"modified":"2025-05-16T05:29:49","modified_gmt":"2025-05-16T03:29:49","slug":"la-vie-du-club","status":"publish","type":"page","link":"https:\/\/punatri.com\/index.php\/la-vie-du-club\/","title":{"rendered":"La vie du club"},"content":{"rendered":"\n<figure class=\"wp-block-image size-large\"><img loading=\"lazy\" decoding=\"async\" width=\"1024\" height=\"573\" src=\"https:\/\/punatri.com\/wp-content\/uploads\/2025\/05\/PresentaitonClubPunatri-1024x573.jpg\" alt=\"\" class=\"wp-image-835\" srcset=\"https:\/\/punatri.com\/wp-content\/uploads\/2025\/05\/PresentaitonClubPunatri-1024x573.jpg 1024w, https:\/\/punatri.com\/wp-content\/uploads\/2025\/05\/PresentaitonClubPunatri-300x168.jpg 300w, https:\/\/punatri.com\/wp-content\/uploads\/2025\/05\/PresentaitonClubPunatri-768x429.jpg 768w, https:\/\/punatri.com\/wp-content\/uploads\/2025\/05\/PresentaitonClubPunatri.jpg 1354w\" sizes=\"auto, (max-width: 1024px) 100vw, 1024px\" \/><\/figure>\n\n\n\n<p class=\"has-medium-font-size\">Bienvenu au Club Punatri ! <\/p>\n\n\n\n<p class=\"has-medium-font-size\">O\u00f9 la bonne humeur sont les ma\u00eetres mots, o\u00f9 l&rsquo;on c\u00e9l\u00e8bre chaque petite victoire comme un grand succ\u00e8s.<\/p>\n\n\n\n<p class=\"has-medium-font-size\">Plus qu&rsquo;un simple club, nous sommes une v\u00e9ritable communaut\u00e9. Ici, les plus jeunes d\u00e9couvrent les joies du triathlon \u00e0 leur rythme, encadr\u00e9s par des passionn\u00e9s attentifs et bienveillants. Les adultes, qu&rsquo;ils soient d\u00e9butants ou triathl\u00e8tes confirm\u00e9s, trouvent un espace d&rsquo;entra\u00eenement stimulant et motivant, o\u00f9 l&rsquo;on se d\u00e9passe ensemble, dans une ambiance chaleureuse et conviviale.<\/p>\n\n\n\n<p class=\"has-medium-font-size\">Mais ne vous y trompez pas ! Derri\u00e8re cette atmosph\u00e8re familiale se cache une ambition forte : celle d&rsquo;accompagner les \u00ab\u00a0graines de champions\u00a0\u00bb qui sommeillent parmi nous.<\/p>\n\n\n\n<p class=\"has-medium-font-size\">Rejoins nous !<\/p>\n\n\n\n<p><\/p>\n\n\n\n<p class=\"has-medium-font-size\"><\/p>\n","protected":false},"excerpt":{"rendered":"<p>Bienvenu au Club Punatri ! O\u00f9 la bonne humeur sont les ma\u00eetres mots, o\u00f9 l&rsquo;on c\u00e9l\u00e8bre chaque petite victoire comme un grand succ\u00e8s. Plus qu&rsquo;un simple club, nous sommes une v\u00e9ritable communaut\u00e9. Ici, les plus jeunes d\u00e9couvrent les joies du triathlon \u00e0 leur rythme, encadr\u00e9s par des passionn\u00e9s attentifs et bienveillants. Les adultes, qu&rsquo;ils soient [&hellip;]<\/p>\n","protected":false},"author":1,"featured_media":0,"parent":0,"menu_order":0,"comment_status":"closed","ping_status":"closed","template":"","meta":{"footnotes":""},"class_list":["post-32","page","type-page","status-publish","hentry"],"_links":{"self":[{"href":"https:\/\/punatri.com\/index.php\/wp-json\/wp\/v2\/pages\/32","targetHints":{"allow":["GET"]}}],"collection":[{"href":"https:\/\/punatri.com\/index.php\/wp-json\/wp\/v2\/pages"}],"about":[{"href":"https:\/\/punatri.com\/index.php\/wp-json\/wp\/v2\/types\/page"}],"author":[{"embeddable":true,"href":"https:\/\/punatri.com\/index.php\/wp-json\/wp\/v2\/users\/1"}],"replies":[{"embeddable":true,"href":"https:\/\/punatri.com\/index.php\/wp-json\/wp\/v2\/comments?post=32"}],"version-history":[{"count":6,"href":"https:\/\/punatri.com\/index.php\/wp-json\/wp\/v2\/pages\/32\/revisions"}],"predecessor-version":[{"id":889,"href":"https:\/\/punatri.com\/index.php\/wp-json\/wp\/v2\/pages\/32\/revisions\/889"}],"wp:attachment":[{"href":"https:\/\/punatri.com\/index.php\/wp-json\/wp\/v2\/media?parent=32"}],"curies":[{"name":"wp","href":"https:\/\/api.w.org\/{rel}","templated":true}]}}