{"id":26,"date":"2019-06-18T23:17:18","date_gmt":"2019-06-18T21:17:18","guid":{"rendered":"http:\/\/punatri.com\/?page_id=26"},"modified":"2025-09-20T04:56:23","modified_gmt":"2025-09-20T02:56:23","slug":"entrainements","status":"publish","type":"page","link":"https:\/\/punatri.com\/index.php\/entrainements\/","title":{"rendered":"Entra\u00eenements"},"content":{"rendered":"\n<p>A titre d&rsquo;information, certains horaires et cr\u00e9neaux sont susceptibles d&rsquo;\u00eatre modifi\u00e9s<\/p>\n\n\n\n<figure class=\"wp-block-image size-full\"><img loading=\"lazy\" decoding=\"async\" width=\"819\" height=\"548\" src=\"http:\/\/punatri.com\/wp-content\/uploads\/2025\/09\/PlanningPunatri-020925.jpg\" alt=\"\" class=\"wp-image-965\" srcset=\"https:\/\/punatri.com\/wp-content\/uploads\/2025\/09\/PlanningPunatri-020925.jpg 819w, https:\/\/punatri.com\/wp-content\/uploads\/2025\/09\/PlanningPunatri-020925-300x201.jpg 300w, https:\/\/punatri.com\/wp-content\/uploads\/2025\/09\/PlanningPunatri-020925-768x514.jpg 768w\" sizes=\"auto, (max-width: 819px) 100vw, 819px\" \/><\/figure>\n","protected":false},"excerpt":{"rendered":"<p>A titre d&rsquo;information, certains horaires et cr\u00e9neaux sont susceptibles d&rsquo;\u00eatre modifi\u00e9s<\/p>\n","protected":false},"author":1,"featured_media":0,"parent":0,"menu_order":0,"comment_status":"closed","ping_status":"closed","template":"","meta":{"footnotes":""},"class_list":["post-26","page","type-page","status-publish","hentry"],"_links":{"self":[{"href":"https:\/\/punatri.com\/index.php\/wp-json\/wp\/v2\/pages\/26","targetHints":{"allow":["GET"]}}],"collection":[{"href":"https:\/\/punatri.com\/index.php\/wp-json\/wp\/v2\/pages"}],"about":[{"href":"https:\/\/punatri.com\/index.php\/wp-json\/wp\/v2\/types\/page"}],"author":[{"embeddable":true,"href":"https:\/\/punatri.com\/index.php\/wp-json\/wp\/v2\/users\/1"}],"replies":[{"embeddable":true,"href":"https:\/\/punatri.com\/index.php\/wp-json\/wp\/v2\/comments?post=26"}],"version-history":[{"count":22,"href":"https:\/\/punatri.com\/index.php\/wp-json\/wp\/v2\/pages\/26\/revisions"}],"predecessor-version":[{"id":978,"href":"https:\/\/punatri.com\/index.php\/wp-json\/wp\/v2\/pages\/26\/revisions\/978"}],"wp:attachment":[{"href":"https:\/\/punatri.com\/index.php\/wp-json\/wp\/v2\/media?parent=26"}],"curies":[{"name":"wp","href":"https:\/\/api.w.org\/{rel}","templated":true}]}}